 647554?
7
What is the units digit of 218961?
1
What is the hundreds digit of 8067603?
6
What is the units digit of 424151?
1
What is the thousands digit of 863391?
3
What is the hundred thousands digit of 856125?
8
What is the tens digit of 596430?
3
What is the tens digit of 1581762?
6
What is the millions digit of 7672686?
7
What is the tens digit of 20077082?
8
What is the hundreds digit of 386664?
6
What is the units digit of 1035192?
2
What is the hundred thousands digit of 3535466?
5
What is the thousands digit of 1568613?
8
What is the thousands digit of 166477?
6
What is the units digit of 3382144?
4
What is the hundreds digit of 36759?
7
What is the hundred thousands digit of 29531081?
5
What is the hundreds digit of 2234077?
0
What is the units digit of 3971?
1
What is the tens digit of 2511152?
5
What is the tens digit of 228120?
2
What is the millions digit of 3332364?
3
What is the thousands digit of 2317825?
7
What is the tens digit of 376101?
0
What is the hundred thousands digit of 548740?
5
What is the ten thousands digit of 883534?
8
What is the ten thousands digit of 154085?
5
What is the millions digit of 3522575?
3
What is the units digit of 1392068?
8
What is the units digit of 30900?
0
What is the thousands digit of 3525993?
5
What is the ten thousands digit of 1139813?
3
What is the thousands digit of 5356585?
6
What is the units digit of 794064?
4
What is the tens digit of 2404232?
3
What is the tens digit of 1959126?
2
What is the hundreds digit of 2005902?
9
What is the tens digit of 1036838?
3
What is the tens digit of 835340?
4
What is the hundreds digit of 253958?
9
What is the hundreds digit of 434905?
9
What is the tens digit of 8494?
9
What is the hundreds digit of 20662?
6
What is the units digit of 10028?
8
What is the units digit of 451807?
7
What is the ten thousands digit of 11986819?
8
What is the tens digit of 74638?
3
What is the ten thousands digit of 182788?
8
What is the hundred thousands digit of 6425302?
4
What is the tens digit of 1455983?
8
What is the thousands digit of 283520?
3
What is the units digit of 270789?
9
What is the hundreds digit of 216561?
5
What is the ten thousands digit of 10363345?
6
What is the ten thousands digit of 149264?
4
What is the tens digit of 18533696?
9
What is the hundreds digit of 10785721?
7
What is the hundreds digit of 905994?
9
What is the thousands digit of 1251147?
1
What is the thousands digit of 3163860?
3
What is the hundred thousands digit of 918704?
9
What is the thousands digit of 4346521?
6
What is the units digit of 148396?
6
What is the tens digit of 1773414?
1
What is the thousands digit of 24169557?
9
What is the tens digit of 18522758?
5
What is the hundred thousands digit of 260118?
2
What is the ten thousands digit of 49532?
4
What is the tens digit of 1130809?
0
What is the hundred thousands digit of 401351?
4
What is the ten thousands digit of 27997?
2
What is the thousands digit of 1130028?
0
What is the hundred thousands digit of 4190460?
1
What is the ten thousands digit of 551871?
5
What is the thousands digit of 1252432?
2
What is the ten thousands digit of 864502?
6
What is the hundreds digit of 321064?
0
What is the hundreds digit of 344499?
4
What is the hundred thousands digit of 773578?
7
What is the hundred thousands digit of 2576766?
5
What is the units digit of 15558482?
2
What is the thousands digit of 4016333?
6
What is the units digit of 1723611?
1
What is the thousands digit of 313672?
3
What is the hundreds digit of 1270675?
6
What is the thousands digit of 4618199?
8
What is the hundreds digit of 277144?
1
What is the ten thousands digit of 1044802?
4
What is the units digit of 77807?
7
What is the units digit of 72382?
2
What is the tens digit of 2834903?
0
What is the thousands digit of 8066279?
6
What is the hundred thousands digit of 1536214?
5
What is the millions digit of 4873591?
4
What is the ten thousands digit of 2941911?
4
What is the hundreds digit of 7479013?
0
What is the ten thousands digit of 639894?
3
What is the millions digit of 1595692?
1
What is the ten thousands digit of 308455?
0
What is the units digit of 808867?
7
What is the units digit of 6871659?
9
What is the tens digit of 4041003?
0
What is the units digit of 507295?
5
What is the units digit of 245641?
1
What is the tens digit of 17411746?
4
What is the ten thousands digit of 76396?
7
What is the hundreds digit of 829169?
1
What is the hundred thousands digit of 119795?
1
What is the thousands digit of 1452496?
2
What is the units digit of 11093203?
3
What is the thousands digit of 2340254?
0
What is the tens digit of 8416107?
0
What is the hundreds digit of 223500?
5
What is the millions digit of 3250263?
3
What is the units digit of 1956462?
2
What is the tens digit of 2655489?
8
What is the ten thousands digit of 8215991?
1
What is the hundreds digit of 1335727?
7
What is the ten thousands digit of 1197902?
9
What is the millions digit of 4131972?
4
What is the tens digit of 93202?
0
What is the thousands digit of 5489655?
9
What is the hundred thousands digit of 14302256?
3
What is the thousands digit of 388915?
8
What is the hundreds digit of 32443?
4
What is the tens digit of 827941?
4
What is the hundreds digit of 248699?
6
What is the tens digit of 614498?
9
What is the units digit of 26679437?
7
What is the millions digit of 26360296?
6
What is the millions digit of 1560605?
1
What is the hundreds digit of 285419?
4
What is the millions digit of 1445881?
1
What is the ten thousands digit of 6719017?
1
What is the hundred thousands digit of 191775?
1
What is the ten thousands digit of 997670?
9
What is the units digit of 24771637?
7
What is the hundred thousands digit of 1671329?
6
What is the millions digit of 12729777?
2
What is the tens digit of 8277729?
2
What is the ten thousands digit of 14306451?
0
What is the units digit of 677554?
4
What is the hundreds digit of 236826?
8
What is the thousands digit of 22112177?
2
What is the thousands digit of 253165?
3
What is the ten thousands digit of 1245847?
4
What is the thousands digit of 2533354?
3
What is the units digit of 58310?
0
What is the ten thousands digit of 4713304?
1
What is the hundreds digit of 11707726?
7
What is the units digit of 358688?
8
What is the thousands digit of 50341?
0
What is the ten thousands digit of 8631822?
3
What is the thousands digit of 1805679?
5
What is the hundred thousands digit of 268404?
2
What is the hundreds digit of 1296164?
1
What is the hundred thousands digit of 5679771?
6
What is the hundreds digit of 2093479?
4
What is the ten thousands digit of 1665851?
6
What is the units digit of 26344?
4
What is the hundreds digit of 12578620?
6
What is the ten millions digit of 13970466?
1
What is the units digit of 13088372?
2
What is the millions digit of 4683128?
4
What is the ten thousands digit of 10355226?
5
What is the hundred thousands digit of 3520389?
5
What is the tens digit of 299360?
6
What is the units digit of 2518004?
4
What is the hundreds digit of 10375242?
2
What is the hundred thousands digit of 15023519?
0
What is the hundreds digit of 423226?
2
What is the thousands digit of 285984?
5
What is the hundred thousands digit of 29527114?
5
What is the ten thousands digit of 8655093?
5
What is the hundred thousands digit of 205402?
2
What is the ten thousands digit of 3282885?
8
What is the hundreds digit of 7275500?
5
What is the units digit of 77258?
8
What is the tens digit of 862209?
0
What is the hundreds digit of 6659711?
7
What is the ten thousands digit of 441440?
4
What is the ten thousands digit of 31993?
3
What is the units digit of 155991?
1
What is the thousands digit of 4017121?
7
What is the hundreds digit of 905603?
6
What is the units digit of 2078137?
7
What is the hundred thousands digit of 506995?
5
What is the hundreds digit of 2623522?
5
What is the hundreds digit of 257201?
2
What is the tens digit of 882040?
4
What is the millions digit of 3073920?
3
What is the units digit of 1999754?
4
What is the ten thousands digit of 19209?
1
What is the thousands digit of 1172574?
2
What is the hundreds digit of 1741089?
0
What is the tens digit of 6694613?
1
What is the ten millions digit of 14717353?
1
What is t